+ (34 - -4 - 16))?
-17
Evaluate -26 + (3 - -52) + (-163 - -142).
8
Evaluate -2 + -25 + 25 + -38 + 14 + 10.
-16
Evaluate -9 - (-6 + 5) - (-7 + (5 - -38) + 7).
-51
What is the value of 3 - (-16 + 3 - -3 - (-2 - 1))?
10
(30 - 16) + -10 + -6 - (20 - 54)
32
What is 12 + (-19 - -31 - 1 - 20)?
3
Calculate -5 + (-17 - (4 - (-38 + 14 + 10))).
-40
Evaluate -51 + 57 + 7 + -10 + 6 + 31.
40
-8 + 8 + 15 + -12 + (-1 + 10 - -4)
16
Calculate 60 + (-141 - (102 - 99)).
-84
What is -27 - ((17 - 87) + 26)?
17
Calculate 76 + -118 + 168 + -156.
-30
What is the value of 8 + -1 + 37 + -11 + 16 - 15 - 9?
25
What is -33 + 0 - (134 - (224 + -103))?
-46
What is 1 - 7 - (48 - (-19 + -47 + 104))?
-16
Evaluate (0 - (0 - 8) - (76 - 18 - 45)) + 58.
53
Evaluate 7 + -3 - -22 - (265 - 282).
43
Calculate -99 + 32 - (7 - (-5 - -3) - 2).
-74
What is 134 - (26 + (-13 - (8 + -20)))?
109
Evaluate 18 + 32 + -29 + (7 - -2 - (1 - 1)).
30
What is 30 + 0 + 4 - ((-20 - -27) + 4 + -11)?
34
What is -7 + (-9 - (1 + 3 - 6) - 6)?
-20
Evaluate -4 - (-1 + 20) - (-599 + 572).
4
What is the value of (-9 - (-2 + 10 - (-5 - -2 - -17))) + -35?
-38
Calculate 40 - (-107 + 178 + -65).
34
-115 + 10 + 38 - (-4 - (3 + (0 - -4)))
-56
Evaluate 3 - 16 - ((-11 - 6) + 18) - 34.
-48
What is 39 + (-66 - -26) - -23 - -64?
86
Calculate 28 + -2 + 210 + -189.
47
Calculate (-2 - (8 - 15)) + (-26 - -10) - -89.
78
What is the value of (10 - 113) + 726 + -589?
34
What is 3 + (52 - (26 - 12))?
41
What is the value of -19 + -11 + -3 + 8 - (-144 + -2)?
121
Calculate (-45 - 1) + 31 + -32.
-47
Calculate 44 - 39 - -21 - -12.
38
(55 - 26) + 2 - 15
16
172 - 179 - (13 - 4)
-16
Evaluate (10 - -1) + 14 + 40 + -22.
43
What is the value of (9 - -2) + 57 + (-54 - 49)?
-35
-3 - (11 - -3) - -3 - (-9 + 3 - -7)
-15
What is (8 - (-12 - ((-25 - -4) + 26 + -13))) + -56?
-44
What is the value of (10 - -44) + -45 - 8?
1
What is the value of 60 + -4 + -25 + 0 + -8?
23
What is the value of 121 + 1 + (6 - -6 - (5 + (-8 - -10)))?
127
-16 + (-9 - -49) - 41
-17
What is the value of (-2 - 1) + -7 - (-15 + 29 + -44)?
20
What is the value of -13 + 0 - -19 - (6 - -3 - (25 + -26))?
-4
Calculate (-5 + -1 - (1 - 4) - (-368 + 375)) + -86.
-96
Evaluate (-2 - (68 - 63 - (-1 - 0))) + 0.
-8
(49 + -71 - -71) + (-1 - (0 - 3 - -2))
49
What is ((-1 - -16) + -12 - 0) + (1 - 14)?
-10
Evaluate 17 + (-4 - (-20 - -14)) + 17.
36
Calculate 1260 - 1228 - (41 - -3).
-12
Calculate (82 - (6 - (10 - -5) - -4)) + 394 + -403.
78
What is 18 - (-5 - -12 - 1 - -4 - 17)?
25
Evaluate 42 + (21 + -27 - 3) + 38.
71
What is -30 + 102 + 13 + -47?
38
Evaluate 8 + 168 + -37 - 3 - 26.
110
Calculate 7 + 4 + 12 + -32 - (2 - 2 - 58).
49
What is the value of 13 - (-2 - -7) - (-10 - (-2 + -22) - -57)?
-63
-1 - 18 - (-12 + (145 - 86))
-66
(-80 - (23 + -72)) + (18 - -1)
-12
What is the value of (55 - (-31 - -48)) + -124 - -35?
-51
Calculate 7 - 16 - (-84 + 85 - (-3 - (-2 + 2))).
-13
(2 - -35) + -9 + (-18 - -25) + 20 + -26
29
Calculate 9 - (4 - (-5 - -1) - ((9 - 5) + 11)).
16
-1 - 26 - (-3509 + 3561)
-79
What is the value of 4 + 8 + (1 - 4) + (67 - 78) - 28?
-30
What is the value of -18 - (3 - 72) - 23?
28
Calculate 164 + -178 - (-62 + -17).
65
What is -7 - -4 - (-7 - (30 + -40))?
-6
(101 - (-37 - -128)) + (-1 - -2) + 19
30
Calculate -42 + 66 - 14 - (2 + -6 + 3 + -68).
79
What is -101 + 105 + 79 + -119?
-36
Calculate (-13 - (-5 - (-8 - (-35 + 16)))) + 105.
108
What is -114 - (101 + (-89 - 43))?
-83
What is (28 - (-3 - -2)) + -42 + (101 - 71)?
17
What is 2 + 61 + (-5690 - -5557)?
-70
What is (299 - 357) + 74 - (0 - 0 - -14)?
2
25 + 15 + -34 + -1 + 0 + (2 - -9)
16
-35 - -14 - (0 - (-5 + 16 + (-5 - 9)))
-24
3 + 4 + -1 - 1 - (-13 - -33 - 20)
5
What is -127 - (22 + -188 + 112)?
-73
What is 2 - (-26 + 16 + 53 - 1) - 8?
-48
Evaluate -97 + 100 - (9 + (-5 - 2) + 8) - 95.
-102
Evaluate 9 + 0 - (1 + 15) - (0 - (-7 - 52)).
-66
Evaluate (47 - (-89 + 82)) + -17 + -1.
36
Evaluate -15 - ((-1 - -10 - (186 + -210)) + -3).
-45
What is -7 + (-47 - -78) + -58?
-34
Evaluate (-24 - -1) + 4 + 28 + -158 + 136.
-13
Calculate 66 + (-4 - 8 - -5 - -2) + (-53 - -54).
62
What is the value of (-31 - -46) + -4 - (1 + -47)?
57
What is the value of 2 + 90 + -39 + -46?
7
What is (-17 - -25) + ((5 - -1 - 8) + 4 - -40)?
50
(88 - -11) + 13 + -55
57
What is (13 - (31 + -12)) + -32?
-38
What is 13388 - 13428 - (0 - 1 - -13)?
-52
What is the value of 169 + (-208 - -100) - 74?
-13
Evaluate -3 + -23 + (17 - (-28 - -55 - 11)).
-25
What is the value of -12485 + 12482 - (-1 - 94)?
92
Calculate -3 + 29 - (135 - (50 + 103)).
44
What is the value of 6 + -17 + 26 + (-26 - -19)?
8
Evaluate 353 + -102 + -93 + -89.
69
What is the value of -5 - ((10 - -1) + -6 + -6 + 7)?
-11
(22 - 1) + -18 + (-21 - -35)
17
Calculate 13 - (-14 + 14 + -25 - -34) - 81.
-77
-27 - (18 + (30 - 43))
-32
Calculate (-9 - (0 - (28 - 10))) + (-17 - 2) + -1.
-11
Calculate -125 + 93 + (1 + -10 - 2).
-43
Evaluate 66 + -120 + 86 - (-1 + -21).
54
What is -16 - 2 - (2 + 0) - (530 - 535)?
-15
What is (-9 - -12) + (-13 - (-9 + -12 + 12))?
-1
Evaluate -5 - ((-26 - -7) + (22 - (-13 - -12))).
-9
What is the value of -7 - (14 + -53) - ((13 - 9) + -3)?
31
Evaluate 69 + -130 - (-15 + -32).
-14
-9 - (1 + (7 - (8 + 7) - -29))
-31
(-5 + 8 + 3 - 23) + 41
24
10 - (-34 + (32 - 4) + -10)
26
Evaluate -76 - (-66 + -65) - -47.
102
What is 63 + -5 + (26 - 1 - 28)?
55
What is the value of 15 - ((76 - 61) + 75)?
-75
Evaluate -1 + -18 - ((-118 - -118) + 18).
-37
Evaluate 22 + -10 - (8 + (0 - (19 + -2))).
21
Evaluate -25 + -29 - (-58 - -12) - 62.
-70
Evaluate 5 + -39 + -14 - (4 - 26).
-26
Evaluate (120 + -12 - 18 - -7 - 5) + -1.
91
What is -19 + (-11 - -21) + 27 + -52?
-34
(1 - 88 - (-135 - -129)) + -14 - 4
-99
What is 40 + (-22 + 35 + -15 - (0 - (2 + -1)))?
39
What is -33 + (56 - (42 + -6)) - (16 + 0)?
-29
What is -1 + 3 + (14 - ((-19 + 8 - 9) + 10))?
26
What is the value of 98 - (-44 - (47 + -113))?
76
(-18 - 7) + -608 + 683
50
What is -16 - (-50 - -30) - ((-5 - -3) + 33 - 1)?
-26
Evaluate -6 - 15 - (2 + -15 - (33 - (38 + 4))).
-17
What is the value of -64 + 15 - -50 - (3 - (38 - 4))?
32
Calculate 10 - -2 - (-13 - 96 - -103).
18
What is -82 + 33 + 29 + -2 - (-4 - 3)?
-15
Evaluate -23 + -1 + (242 - 192) + -15 + 78 + -1.
88
-22 - (15 - 100 - -56)
7
What is (-3 - -57) + 59 + -161?
-48
What is 51 - (83 - (0 - 6))?
-38
-43 + 32 + 33 + 0
22
Evaluate 8 - 11 - (16 - (-14 - (-11 + 10))).
-32
Evaluate (-29 - (17 - (43 - 8))) + 52.
41
What is the value of -2 + 1 - (0 - 14 - (-255 - -250)) - 2?
6
What is the value of (4 - (-5 - 9 - -5 - -3)) + -28 + -3?
-21
Calculate -2 + (7 - (7 + -10 + (5 - -3))) + -18.
-18
16 + -12 - (7 + 1 + 2 + -8) - 23
-21
-39 - (-6 + 1) - -27 - (-1 - -17)
-23
What is the value of 4 - -112 - (98 + (-145 - -85))?
78
What is the value of -60 + -67 + 79 + -4 + 3?
-49
Evaluate 14 + -3 + (5 - 1) - (398 - 369).
-14
(121 - -46) + 36 - 152
51
What is the value of -14 + 35 + -24 + -5 + (5 - -1)?
-2
Evaluate 698 + -716 - (-25 - (2 - 1)).
8
Evaluate -1 + (-7 - -3) - (-193 - -105 - -148).
-65
-14 - 10 - (-127 + 80)
23
Calculate 4 - 0 - ((23 - (-25 + 49)) + 45).
-40
What is -29 + -9 + 32 - 0?
-6
(-80 + -28 - -46) + (2 - (4 + -5))
-59
60 + -1 - (-3555 - -3566)
48
Evaluate 4 + -1 + (7225 - 7234).
-6
29 + 4 + (2 - -7)
42
Calculate -9 + (-8 - -26 - -21) - 42.
-12
-3 - 8 - (17 + 0 + -229 + 178 + 18)
5
14 - (-10 - (12 - 37)) - 16
-17
Calculate 10 + 5 + -17 + (60 - 48) + (2 - 17).
-5
What is the value of -114 - (-7 - (-1 - -14 - (-37 - -37 - -14)))?
-108
84 + -28 - (-135 + 118)
73
What is the value of (125 - (-45 + 34)) + (-3 - -10) + -7?
136
Evaluate -34 - -11 - ((2 - -16) + -5) - (0 + 11).
-47
What is 32 - (-119 - -46 - -38)?
67
-3 + (82 - 77) + (1 - -3 - 0) + -30
-24
What is -32 - (-2 - 21) - (9 + -65)?
47
What is -16 - (11 + 9 - (59 - 15))?
8
-139 - ((17 - ((3 - 0) + (176 - 169))) + -15)
-131
-2 + -18 + (-12 - -9) + -7
-30
What is 81 - 57 - 81 - -8?
-49
-200 + (19 - (59 - 113))
-127
(-211 - -234 - (0 + -18)) + -65
-24
What is 0 + 1 + (183 - 91) + -91?
2
Calculate -2 + -4 + 1 + 20 + -62.
-47
Calculate (49 - 140) + 98 - 131.
-124
Evaluate 1 + -8 - (-77 + 36 + 21).
13
What is the value of -5 + (74 - (28 - -3 - 27))?
65
Calculate (-44 - -2) + (-9 - (-1 + -32 + 33)).
-51
What is -35 + -1 + (-1533 - -1571) + -2 + -7